 v be (m/2)/(6/(-27)). Let w(l) = 5*l - 7. Let r be w(5). What is the greatest common divisor of v and r?
9
Let t be (24/10)/((-33)/(-110)). What is the greatest common factor of t and 40?
8
Let v = 66 - 1. What is the highest common divisor of 13 and v?
13
Let s(a) = -2*a**3 - 2*a**2 + a + 2. Let f be s(-2). Let z(v) = 16*v + 8. Let d be z(5). Calculate the greatest common divisor of d and f.
8
Suppose -15 = p - 4*i, p + p + 2*i - 20 = 0. What is the highest common factor of p and 25?
5
Suppose 18 = 2*w - 6. Let q be 1016/6 - 4/(-6). Suppose -3*m + 2*g + q = 0, 5*g = -0*m - 2*m + 145. What is the highest common factor of w and m?
12
Let z(r) = r**2 + 19. Let g be z(0). Suppose t + 54 - 168 = 0. Calculate the greatest common factor of t and g.
19
Let h(k) = k**2 + 2*k + 1. Let a be h(-1). Suppose -3*o + 3*f = o - 59, 5 = -f. Let n = o - a. What is the greatest common divisor of 33 and n?
11
Let r(j) = 4*j - 47. Let g be r(13). Calculate the highest common divisor of g and 65.
5
Let r(d) = 17*d - 5. Let x be r(1). Calculate the greatest common factor of 108 and x.
12
Let x(f) = 10 - 8*f - 2 + 6*f**2 - 1 + f**3. Let h be x(-7). Let j(l) = -48*l + 2. Let p be j(-2). What is the greatest common factor of p and h?
14
Let z(r) = 3*r - 23. Let w be z(17). Calculate the greatest common factor of 140 and w.
28
Let a(f) = -f**3 + 7*f**2 + 5*f - 5. Let g be a(7). Let i be (1 - 3/(-6))*4. Suppose i*b - 36 = 3*b. What is the greatest common divisor of b and g?
6
Suppose 3 = -g, 2*k + 3*k - 123 = -4*g. Suppose -94 = -0*s - 5*s - x, 0 = s + 3*x - 30. What is the greatest common divisor of s and k?
9
Suppose 4*j = -2*k - 2, 4*k + 7 - 3 = -3*j. Let r(y) = -y + 1. Let p be r(j). Calculate the highest common factor of 1 and p.
1
Suppose 24*x = 29*x - 360. Let k(j) = j**2 - 3*j + 5. Let c be k(4). What is the highest common divisor of c and x?
9
Let m(p) = p**2 - 3*p - 5. Let c be m(5). Suppose 20 = c*n - 2*q, 4*q - 4 = 3*n + 6*q. Calculate the greatest common divisor of 5 and n.
1
Suppose 42*g + 128 = 44*g. What is the greatest common factor of g and 8?
8
Let b(v) = 12*v. Let i be b(5). Let u be (-3)/(-7) + 75/21. Suppose -5*n = u*p - 38, 2*p - 3*n - 66 = -3*p. What is the greatest common factor of p and i?
12
Suppose -2*d = 4*u - 308, 4*d + 184 = -5*u + 785. Let b be (d/(-40))/(4/(-10)). What is the highest common factor of 99 and b?
9
Let n(h) = -h - 1. Let d be n(-3). Suppose i - 11 = -o, -19 = -d*o - 2*i + i. Calculate the greatest common factor of 88 and o.
8
Let p = 65 + -55. What is the highest common divisor of 20 and p?
10
Suppose 3*v + 12 = -3*u - 15, 3*v + 26 = -2*u. Let y be 74 - 5/((-20)/v). Calculate the greatest common factor of y and 9.
9
Let t = 9 - -15. Suppose -i + t = 3*i. What is the highest common divisor of 2 and i?
2
Let b be (0 - -2)*(9 - -2). Let a be (-8)/36 + 104/(-18). Let u be a/12*(-22)/1. Calculate the highest common factor of u and b.
11
Let h be (8/(-6))/((-53)/(-6) + -9). What is the greatest common factor of h and 1?
1
Suppose -9*o + 40 = -5*o. What is the highest common divisor of o and 190?
10
Suppose -3*a + 4*x + 30 = -13, -16 = 4*x. What is the greatest common factor of a and 9?
9
Suppose 2*o + 7 = o. Let y be (o/3)/(2/(-6)). What is the highest common factor of 63 and y?
7
Let k(f) = f**3 + 7*f**2 - 3*f + 9. Suppose 5*l + 2*r + 33 = 0, -2*l = -2*r + 17 - 1. Let v be k(l). What is the greatest common factor of 20 and v?
10
Let s(n) = n**2 - 3*n - 8. Let r be s(6). What is the highest common divisor of r and 4?
2
Let a(q) = 15*q**2 - 2*q - 1. Let o be a(-1). Let y = -11 + o. Calculate the greatest common divisor of 5 and y.
5
Let d(i) = -14*i + 2. Let m be d(-1). Calculate the highest common divisor of 128 and m.
16
Let r = -4 + 3. Let h be r - 2 - (-7)/1. Suppose 2*n = -2*b - 6, b + b + 8 = 0. What is the greatest common factor of h and n?
1
Let x = -19 + 43. Calculate the greatest common divisor of x and 12.
12
Let g(i) = 9*i**2 + 2*i + 1. Let c be g(-1). Suppose -4*h = h + n - c, -h - 2*n = -7. Calculate the highest common factor of 1 and h.
1
Suppose 3 + 3 = -p + 2*r, 30 = 5*p + 2*r. Suppose p*u - 6 = u. Let f be (-512)/(-36) + (-4)/18. Calculate the highest common divisor of f and u.
2
Let g(h) = 17*h**2 + h + 5. Let s be g(3). What is the highest common factor of s and 23?
23
Let c = 73 - 43. Suppose -261 = -3*m - c. Let u be (-255)/(-35) + (-6)/21. Calculate the greatest common divisor of m and u.
7
Let k = 46 - 30. Suppose -l - 3*l = -2*m + 2, 3*l - k = -2*m. What is the highest common factor of l and 22?
2
Suppose 0 = -5*u - 2*c + 19, 4*u - 2*u = 5*c + 25. Suppose 28 = 2*w + 3*x, w - 80 = -2*w + u*x. Calculate the highest common factor of w and 8.
4
Let n(x) = -x**2 + 2*x + 50. Let m be n(0). Let u = 0 - -2. Suppose -318 = -2*y + u*k, k - 99 = -y + m. Calculate the greatest common factor of 14 and y.
14
Let k be 2 - ((-1 - -3) + 0). Let d be k*(2 + 3/(-2)). Suppose 5*o - 4*t - 60 = d, -2*o + 0*t + t = -24. What is the highest common factor of o and 24?
12
Let w(q) = q. Let b(f) = -3. Let t(h) = -b(h) - 3*w(h). Let j be t(-10). What is the greatest common divisor of 22 and j?
11
Let r(p) = -p + 15. Let s be r(10). Suppose 847 + 403 = s*j. Suppose -5*a + j = -3*a. Calculate the greatest common divisor of 25 and a.
25
Let w = 21 + -6. Suppose 27 = 2*r + c, 3*r - 5 - 25 = -5*c. Calculate the highest common factor of w and r.
15
Let u = 7 - -97. Let w be (-3)/1 + 24 - -5. What is the greatest common factor of u and w?
26
Suppose -y = 3*l + 2*l - 50, 0 = -5*l - 4*y + 65. Let j be 1/(-3) + (-28)/(-3). What is the greatest common factor of l and j?
9
Let l be -176 + 0/2*-1. Let c = -95 - l. Calculate the highest common factor of 9 and c.
9
Let o = -1442 - -992. Let h be ((-12)/10)/(6/o). What is the greatest common factor of 10 and h?
10
Let b = 161 + 136. Calculate the highest common factor of b and 27.
27
Suppose -2*g - 4*o - 12 - 2 = 0, 0 = -3*g - 2*o - 1. Suppose 8*n = g*n + 20. Suppose -n*a + a = -36. Calculate the highest common factor of 30 and a.
6
Let o(s) = -s**3 + 13*s**2 - 11*s - 17. Let h be o(12). Let a = 7 + h. Let p = 11 - a. Calculate the greatest common factor of 63 and p.
9
Suppose -5*t = -8*t - 3. Let y(v) = 14*v**2 + v + 1. Let z be y(t). What is the greatest common divisor of z and 14?
14
Let n be ((-26)/(-6))/((-1)/(-9)). Let k be 1/((-3)/(-42)*-1). Let r = k + 27. Calculate the greatest common factor of r and n.
13
Let k be (-3)/(-9)*(-2 - 1). Let u be k*0/1 - -18. What is the greatest common factor of 90 and u?
18
Let h = 7 - 5. Let b be (-39)/6*-2*h. Suppose 3*d + r + b = 5*d, 2*d - 2*r = 26. Calculate the highest common divisor of d and 117.
13
Suppose 4*f - 10 = -f. Suppose -u - 27 = -5*d, -u - 18 = -4*d + u. Calculate the highest common divisor of f and d.
2
Let v(b) = -b**2 + 8*b - 6. Let d be v(6). Suppose 67 = 3*n - 5*j, -n - 2*j + d = 2. Calculate the greatest common factor of 35 and n.
7
Suppose 10*l = c + 9*l - 25, -l + 137 = 5*c. Let k(p) = -p + 3. Let y be k(0). Calculate the greatest common divisor of y and c.
3
Let a(o) = o - 11. Let v be a(7). Let w = 7 + v. Suppose -622 = -4*j + w*q + 30, -j + 156 = q. What is the highest common divisor of 16 and j?
16
Let q = -130 + 250. What is the highest common factor of q and 30?
30
Suppose -3*r + 0*r + 66 = 0. Suppose -17 + 9 = -4*o. What is the highest common divisor of r and o?
2
Let l be 5/(30/4)*6. Suppose 2*v - 40 = h, 4*h = 3*v - 0*h - 70. Let c = v + l. What is the greatest common divisor of 55 and c?
11
Suppose -4*q + 3*t = -20, 4*q + 9 + 3 = -5*t. What is the greatest common divisor of 14 and q?
2
Suppose 3*w = -1 + 4. Suppose -44 = 5*k + w. Let j = k + 30. Calculate the greatest common factor of j and 7.
7
Suppose -4*x + 2 = d, 0 = 4*d - x - 0*x - 25. Let m(a) = 11*a + 2. Let u be m(2). Calculate the greatest common factor of u and d.
6
Suppose 0 = -z + m + m + 16, 4*z - m = 92. Suppose 5*p - 1 = 9. Suppose -p*f = f - 18. What is the greatest common divisor of f and z?
6
Suppose -j = 3 - 21. Suppose 4*t - 322 = 4*w + j, 3*t = w + 245. What is the highest common factor of 10 and t?
10
Let b(l) = -l**2 - 1. Let n be b(1). Let w = n + 3. Let x = -21 + 29. What is the greatest common divisor of x and w?
1
Suppose 4*z + z = 425. Supp